{"id":11945,"date":"2018-07-03T09:58:38","date_gmt":"2018-07-03T07:58:38","guid":{"rendered":"https:\/\/www.wendelborn-stiftung.de\/wp2018\/?page_id=11945"},"modified":"2018-07-03T18:06:40","modified_gmt":"2018-07-03T16:06:40","slug":"helmut-wendelborn","status":"publish","type":"page","link":"https:\/\/www.wendelborn-stiftung.de\/?page_id=11945","title":{"rendered":"Helmut Wendelborn"},"content":{"rendered":"<div class=\"fusion-fullwidth fullwidth-box fusion-builder-row-1 nonhundred-percent-fullwidth non-hundred-percent-height-scrolling\" style=\"background-color: #ffffff;background-position: center center;background-repeat: no-repeat;padding-top:0px;padding-right:0px;padding-bottom:0px;padding-left:0px;margin-bottom: 0px;margin-top: 0px;border-width: 0px 0px 0px 0px;border-color:#eae9e9;border-style:solid;\" ><div class=\"fusion-builder-row fusion-row\"><div class=\"fusion-layout-column fusion_builder_column fusion-builder-column-0 fusion_builder_column_3_5 3_5 fusion-three-fifth fusion-column-first\" style=\"width:60%;width:calc(60% - ( ( 4% ) * 0.6 ) );margin-right: 4%;margin-top:0px;margin-bottom:20px;\"><div class=\"fusion-column-wrapper fusion-flex-column-wrapper-legacy\" style=\"background-position:left top;background-repeat:no-repeat;-webkit-background-size:cover;-moz-background-size:cover;-o-background-size:cover;background-size:cover;padding: 0px 0px 0px 0px;\"><div class=\"fusion-text fusion-text-1\"><h1>Helmut Wendelborn<\/h1>\n<table border=\"0\" width=\"750\" cellspacing=\"5\" cellpadding=\"0\">\n<tbody>\n<tr>\n<td class=\"fliess\" width=\"87\">14 Jahre<\/td>\n<td class=\"fliess\" width=\"342\">Mitglied des Deutschen Bundestages<\/td>\n<\/tr>\n<tr class=\"fliess\">\n<td>25 Jahre<\/td>\n<td>Mitglied in Aussch\u00fcssen der L\u00fcbecker B\u00fcrgerschaft<\/td>\n<\/tr>\n<tr class=\"fliess\">\n<td>8 Jahre<\/td>\n<td>Senator f\u00fcr Wirtschaft und Verkehr<br \/>\nL\u00fcbeck-Werbung und Tourismus<br \/>\nKurverwaltung<\/td>\n<\/tr>\n<tr class=\"fliess\">\n<td>8 Jahre<\/td>\n<td>Mitglied der L\u00fcbecker B\u00fcrgerschaft<\/td>\n<\/tr>\n<tr class=\"fliess\">\n<td>16 Jahre<\/td>\n<td>Kreisj\u00e4germeister<\/td>\n<\/tr>\n<tr class=\"fliess\">\n<td>16 Jahre<\/td>\n<td>Vorstand Gemeinn\u00fctziger Verein Travem\u00fcnde<\/td>\n<\/tr>\n<tr class=\"fliess\">\n<td>11 Jahre<\/td>\n<td>Vorsitzender Gemeinn\u00fctziger Verein Travem\u00fcnde<\/td>\n<\/tr>\n<tr class=\"fliess\">\n<td>14 Jahre<\/td>\n<td>CDU-Kreisvorstnd<\/td>\n<\/tr>\n<tr class=\"fliess\">\n<td>9 Jahre<\/td>\n<td>Vorsitz JUNGE UNION<\/td>\n<\/tr>\n<tr class=\"fliess\">\n<td>7 Jahre<\/td>\n<td>Vorsitz F\u00f6rderkreis f\u00fcr staatsb\u00fcrgerliche Bildung<\/td>\n<\/tr>\n<tr class=\"fliess\">\n<td>6 Jahre<\/td>\n<td>Beirat Deutsche Zentrale f\u00fcr Tourismus (DZT)<\/td>\n<\/tr>\n<tr class=\"fliess\">\n<td>6 Jahre<\/td>\n<td>Vorstand Travem\u00fcnder Tennis- und Hockey Club<\/td>\n<\/tr>\n<tr class=\"fliess\">\n<td>8 Jahre<\/td>\n<td>Vorsitz Schutzgemeinschaft Deutscher Wald<\/td>\n<\/tr>\n<tr class=\"fliess\">\n<td valign=\"top\" height=\"19\">6 Jahre<\/td>\n<td>Aufsichtsrat<\/td>\n<\/tr>\n<tr class=\"fliess\">\n<td><\/td>\n<td>&#8211;\u00a0L\u00fcbecker Hafen-Gesellschaft mbH (LHG)<\/td>\n<\/tr>\n<tr class=\"fliess\">\n<td><\/td>\n<td>&#8211;\u00a0Koordinierungsb\u00fcro Wirtschaft in L\u00fcbeck GmbH vormals Stadtentwicklungsgesellschaft L\u00fcbeck mbH<\/td>\n<\/tr>\n<tr class=\"fliess\">\n<td><\/td>\n<td>&#8211; Flughafen L\u00fcbeck GmbH<\/td>\n<\/tr>\n<tr class=\"fliess\">\n<td><\/td>\n<td>&#8211; Grundst\u00fccksgesellschaft der Kurhausbetriebe Travem\u00fcnde mbH<\/td>\n<\/tr>\n<tr class=\"fliess\">\n<td><\/td>\n<td>&#8211; Deutsche St\u00e4dte-Reklame GmbH<\/td>\n<\/tr>\n<tr class=\"fliess\">\n<td>12 Jahre<\/td>\n<td>Handelsrichter<\/td>\n<\/tr>\n<tr class=\"fliess\">\n<td>10 Jahre<\/td>\n<td>Gesellschaft f\u00fcr staatsb\u00fcrgerliche Bildung &#8211; Vorsitz<\/td>\n<\/tr>\n<\/tbody>\n<\/table>\n<\/div><div class=\"fusion-clearfix\"><\/div><\/div><\/div><div class=\"fusion-layout-column fusion_builder_column fusion-builder-column-1 fusion_builder_column_2_5 2_5 fusion-two-fifth fusion-column-last\" style=\"width:40%;width:calc(40% - ( ( 4% ) * 0.4 ) );margin-top:0px;margin-bottom:20px;\"><div class=\"fusion-column-wrapper fusion-flex-column-wrapper-legacy\" style=\"background-position:left top;background-repeat:no-repeat;-webkit-background-size:cover;-moz-background-size:cover;-o-background-size:cover;background-size:cover;padding: 0px 0px 0px 0px;\"><div class=\"fusion-sep-clear\"><\/div><div class=\"fusion-separator fusion-full-width-sep\" style=\"margin-left: auto;margin-right: auto;margin-top:50px;width:100%;\"><\/div><div class=\"fusion-sep-clear\"><\/div><div class=\"fusion-text fusion-text-2\"><p><img loading=\"lazy\" decoding=\"async\" class=\"alignnone wp-image-12109 \" src=\"https:\/\/www.wendelborn-stiftung.de\/wp-content\/uploads\/2018\/07\/helmut_wendelborn.jpg\" alt=\"\" width=\"365\" height=\"526\" srcset=\"https:\/\/www.wendelborn-stiftung.de\/wp-content\/uploads\/2018\/07\/helmut_wendelborn-200x288.jpg 200w, https:\/\/www.wendelborn-stiftung.de\/wp-content\/uploads\/2018\/07\/helmut_wendelborn-208x300.jpg 208w, https:\/\/www.wendelborn-stiftung.de\/wp-content\/uploads\/2018\/07\/helmut_wendelborn.jpg 300w\" sizes=\"auto, (max-width: 365px) 100vw, 365px\" \/><\/p>\n<\/div><div class=\"fusion-text fusion-text-3\"><table border=\"0\" width=\"450\" cellspacing=\"5\" cellpadding=\"0\">\n<tbody>\n<tr>\n<td class=\"fliess\" colspan=\"2\"><strong>Ehrenamtliche Mitwirkungen bzw. Mitglied<\/strong><\/td>\n<\/tr>\n<tr>\n<td width=\"21\"><\/td>\n<td class=\"fliess\" width=\"321\">&#8211; The Anglo-German Association, London<br \/>\n&#8211; F\u00f6rderkreis der Medizinischen Universit\u00e4t L\u00fcbeck<br \/>\n&#8211; F\u00f6rderkreis Fachhochschule L\u00fcbeck<br \/>\n&#8211; F\u00f6rderkreis Kirchenmusikfreunde Travem\u00fcnde<br \/>\n&#8211; Tierschutzverein L\u00fcbeck<\/td>\n<\/tr>\n<\/tbody>\n<\/table>\n<\/div><div class=\"fusion-clearfix\"><\/div><\/div><\/div><\/div><\/div>\n","protected":false},"excerpt":{"rendered":"","protected":false},"author":1,"featured_media":0,"parent":0,"menu_order":0,"comment_status":"closed","ping_status":"closed","template":"","meta":{"footnotes":""},"class_list":["post-11945","page","type-page","status-publish","hentry"],"_links":{"self":[{"href":"https:\/\/www.wendelborn-stiftung.de\/index.php?rest_route=\/wp\/v2\/pages\/11945","targetHints":{"allow":["GET"]}}],"collection":[{"href":"https:\/\/www.wendelborn-stiftung.de\/index.php?rest_route=\/wp\/v2\/pages"}],"about":[{"href":"https:\/\/www.wendelborn-stiftung.de\/index.php?rest_route=\/wp\/v2\/types\/page"}],"author":[{"embeddable":true,"href":"https:\/\/www.wendelborn-stiftung.de\/index.php?rest_route=\/wp\/v2\/users\/1"}],"replies":[{"embeddable":true,"href":"https:\/\/www.wendelborn-stiftung.de\/index.php?rest_route=%2Fwp%2Fv2%2Fcomments&post=11945"}],"version-history":[{"count":10,"href":"https:\/\/www.wendelborn-stiftung.de\/index.php?rest_route=\/wp\/v2\/pages\/11945\/revisions"}],"predecessor-version":[{"id":12114,"href":"https:\/\/www.wendelborn-stiftung.de\/index.php?rest_route=\/wp\/v2\/pages\/11945\/revisions\/12114"}],"wp:attachment":[{"href":"https:\/\/www.wendelborn-stiftung.de\/index.php?rest_route=%2Fwp%2Fv2%2Fmedia&parent=11945"}],"curies":[{"name":"wp","href":"https:\/\/api.w.org\/{rel}","templated":true}]}}